{"id":2582,"date":"2020-05-25T07:20:09","date_gmt":"2020-05-25T07:20:09","guid":{"rendered":"https:\/\/www.sucarn.es\/product\/entrecot-vedella-2\/"},"modified":"2020-06-23T08:51:27","modified_gmt":"2020-06-23T08:51:27","slug":"entrecot-vedella","status":"publish","type":"product","link":"https:\/\/www.sucarn.es\/ca\/product\/entrecot-vedella\/","title":{"rendered":"ENTRECOT VEDELLA"},"content":{"rendered":"","protected":false},"excerpt":{"rendered":"<h5><u>DESCRIPCI\u00d3 T\u00c8CNICA<\/u><\/h5>\n<p>Pe\u00e7a que s&#8217;extreu de la part alta del llom de la vaca. S&#8217;obt\u00e9 en desossar el llom des de la 5a a la 12a v\u00e8rtebra dorsal, retirant els cossos i ap\u00f2fisi vertebrals, aix\u00ed com les costelles (varetes).<br \/>\n<strong>RA\u00c7A<\/strong>: Frisona.<br \/>\n<strong>ORIGEN<\/strong>: Holanda, Pol\u00f2nia, Alemanya, etc.<br \/>\n<strong>TIPUS D&#8217;ENVASAT<\/strong>: Al buit 1\u00d71.<br \/>\n<strong>CADUCITAT<\/strong>: 30 \u2013 34 dies des de producci\u00f3.<br \/>\n<strong>TEMPERATURA<\/strong>: Conservar fresc: entre 0\u00baC i 3\u00baC. Congelat: a -18\u00baC.<\/p>\n<h5><u>CARACTER\u00cdSTIQUES<\/u><\/h5>\n<p>Pe\u00e7a recoberta per teixit conjuntiu i greix. Es tracta d&#8217;una carn tendra i sucosa. D&#8217;ella obtenim el tall anomenat &#8220;entrecot&#8221;. Si la pe\u00e7a \u00e9s infiltrada de greix es considera de major qualitat, ja que \u00e9s un producte de major tendresa i m\u00e9s sabor\u00f3s<br \/>\nEs considera Categoria Extra.<\/p>\n<h5><u>UTILITATS<\/u><\/h5>\n<p>Resulta una carn excel\u00b7lent per fer a la graella o a la planxa, encara que tamb\u00e9 podem fer-la servir per a rosbif.<\/p>\n<h4>En cas de ser una empresa (distribu\u00efdor, restaurant, carnisseria) posi&#8217;s en contacte amb nosaltres per a ofertes.<\/h4>\n<p>&nbsp;<\/p>\n","protected":false},"featured_media":2495,"template":"","meta":[],"product_brand":[],"product_cat":[231],"product_tag":[],"class_list":{"0":"post-2582","1":"product","2":"type-product","3":"status-publish","4":"has-post-thumbnail","6":"product_cat-botiga-bovina-vedella","7":"align-left","8":"box-shadow-0","9":"box-shadow-0-hover","10":"ast-product-gallery-layout-horizontal","11":"ast-product-gallery-with-no-image","12":"ast-product-tabs-layout-horizontal","14":"first","15":"instock","16":"taxable","17":"shipping-taxable","18":"purchasable","19":"product-type-simple"},"yoast_head":"<!-- This site is optimized with the Yoast SEO plugin v27.3 - https:\/\/yoast.com\/product\/yoast-seo-wordpress\/ -->\n<title>ENTRECOT VEDELLA - Bienvenido<\/title>\n<meta name=\"robots\" content=\"index, follow, max-snippet:-1, max-image-preview:large, max-video-preview:-1\" \/>\n<link rel=\"canonical\" href=\"https:\/\/www.sucarn.es\/ca\/product\/entrecote-ternera\/\" \/>\n<meta property=\"og:locale\" content=\"ca_ES\" \/>\n<meta property=\"og:type\" content=\"article\" \/>\n<meta property=\"og:title\" content=\"ENTRECOT VEDELLA - Bienvenido\" \/>\n<meta property=\"og:description\" content=\"DESCRIPCI\u00d3 T\u00c8CNICA Pe\u00e7a que s&#039;extreu de la part alta del llom de la vaca. S&#039;obt\u00e9 en desossar el llom des de la 5a a la 12a v\u00e8rtebra dorsal, retirant els cossos i ap\u00f2fisi vertebrals, aix\u00ed com les costelles (varetes). RA\u00c7A: Frisona. ORIGEN: Holanda, Pol\u00f2nia, Alemanya, etc. TIPUS D&#039;ENVASAT: Al buit 1\u00d71. CADUCITAT: 30 \u2013 34 dies des de producci\u00f3. TEMPERATURA: Conservar fresc: entre 0\u00baC i 3\u00baC. Congelat: a -18\u00baC. CARACTER\u00cdSTIQUES Pe\u00e7a recoberta per teixit conjuntiu i greix. Es tracta d&#039;una carn tendra i sucosa. D&#039;ella obtenim el tall anomenat &quot;entrecot&quot;. Si la pe\u00e7a \u00e9s infiltrada de greix es considera de major qualitat, ja que \u00e9s un producte de major tendresa i m\u00e9s sabor\u00f3s Es considera Categoria Extra. UTILITATS Resulta una carn excel\u00b7lent per fer a la graella o a la planxa, encara que tamb\u00e9 podem fer-la servir per a rosbif. En cas de ser una empresa (distribu\u00efdor, restaurant, carnisseria) posi&#039;s en contacte amb nosaltres per a ofertes. &nbsp;\" \/>\n<meta property=\"og:url\" content=\"https:\/\/www.sucarn.es\/product\/entrecote-ternera\/\" \/>\n<meta property=\"og:site_name\" content=\"Bienvenido\" \/>\n<meta property=\"article:modified_time\" content=\"2020-06-23T08:51:27+00:00\" \/>\n<meta property=\"og:image\" content=\"https:\/\/www.sucarn.es\/wp-content\/uploads\/2020\/05\/entrecote-ternera-tienda.jpg\" \/>\n\t<meta property=\"og:image:width\" content=\"606\" \/>\n\t<meta property=\"og:image:height\" content=\"414\" \/>\n\t<meta property=\"og:image:type\" content=\"image\/jpeg\" \/>\n<meta name=\"twitter:card\" content=\"summary_large_image\" \/>\n<script type=\"application\/ld+json\" class=\"yoast-schema-graph\">{\"@context\":\"https:\\\/\\\/schema.org\",\"@graph\":[{\"@type\":\"WebPage\",\"@id\":\"https:\\\/\\\/www.sucarn.es\\\/product\\\/entrecote-ternera\\\/\",\"url\":\"https:\\\/\\\/www.sucarn.es\\\/product\\\/entrecote-ternera\\\/\",\"name\":\"ENTRECOT VEDELLA - Bienvenido\",\"isPartOf\":{\"@id\":\"https:\\\/\\\/www.sucarn.es\\\/#website\"},\"primaryImageOfPage\":{\"@id\":\"https:\\\/\\\/www.sucarn.es\\\/product\\\/entrecote-ternera\\\/#primaryimage\"},\"image\":{\"@id\":\"https:\\\/\\\/www.sucarn.es\\\/product\\\/entrecote-ternera\\\/#primaryimage\"},\"thumbnailUrl\":\"https:\\\/\\\/www.sucarn.es\\\/wp-content\\\/uploads\\\/2020\\\/05\\\/entrecote-ternera-tienda.jpg\",\"datePublished\":\"2020-05-25T07:20:09+00:00\",\"dateModified\":\"2020-06-23T08:51:27+00:00\",\"breadcrumb\":{\"@id\":\"https:\\\/\\\/www.sucarn.es\\\/product\\\/entrecote-ternera\\\/#breadcrumb\"},\"inLanguage\":\"ca\",\"potentialAction\":[{\"@type\":\"ReadAction\",\"target\":[\"https:\\\/\\\/www.sucarn.es\\\/product\\\/entrecote-ternera\\\/\"]}]},{\"@type\":\"ImageObject\",\"inLanguage\":\"ca\",\"@id\":\"https:\\\/\\\/www.sucarn.es\\\/product\\\/entrecote-ternera\\\/#primaryimage\",\"url\":\"https:\\\/\\\/www.sucarn.es\\\/wp-content\\\/uploads\\\/2020\\\/05\\\/entrecote-ternera-tienda.jpg\",\"contentUrl\":\"https:\\\/\\\/www.sucarn.es\\\/wp-content\\\/uploads\\\/2020\\\/05\\\/entrecote-ternera-tienda.jpg\",\"width\":606,\"height\":414,\"caption\":\"Entrecote Ternera\"},{\"@type\":\"BreadcrumbList\",\"@id\":\"https:\\\/\\\/www.sucarn.es\\\/product\\\/entrecote-ternera\\\/#breadcrumb\",\"itemListElement\":[{\"@type\":\"ListItem\",\"position\":1,\"name\":\"Home\",\"item\":\"https:\\\/\\\/www.sucarn.es\\\/ca\\\/\"},{\"@type\":\"ListItem\",\"position\":2,\"name\":\"Shop\",\"item\":\"https:\\\/\\\/www.sucarn.es\\\/?page_id=2354\"},{\"@type\":\"ListItem\",\"position\":3,\"name\":\"ENTRECOT VEDELLA\"}]},{\"@type\":\"WebSite\",\"@id\":\"https:\\\/\\\/www.sucarn.es\\\/#website\",\"url\":\"https:\\\/\\\/www.sucarn.es\\\/\",\"name\":\"Sucarn\",\"description\":\"Sucarn\",\"publisher\":{\"@id\":\"https:\\\/\\\/www.sucarn.es\\\/#organization\"},\"potentialAction\":[{\"@type\":\"SearchAction\",\"target\":{\"@type\":\"EntryPoint\",\"urlTemplate\":\"https:\\\/\\\/www.sucarn.es\\\/?s={search_term_string}\"},\"query-input\":{\"@type\":\"PropertyValueSpecification\",\"valueRequired\":true,\"valueName\":\"search_term_string\"}}],\"inLanguage\":\"ca\"},{\"@type\":\"Organization\",\"@id\":\"https:\\\/\\\/www.sucarn.es\\\/#organization\",\"name\":\"Sucarn\",\"url\":\"https:\\\/\\\/www.sucarn.es\\\/\",\"logo\":{\"@type\":\"ImageObject\",\"inLanguage\":\"ca\",\"@id\":\"https:\\\/\\\/www.sucarn.es\\\/#\\\/schema\\\/logo\\\/image\\\/\",\"url\":\"https:\\\/\\\/www.sucarn.es\\\/wp-content\\\/uploads\\\/2018\\\/03\\\/LOGO_SUCARN.png\",\"contentUrl\":\"https:\\\/\\\/www.sucarn.es\\\/wp-content\\\/uploads\\\/2018\\\/03\\\/LOGO_SUCARN.png\",\"width\":300,\"height\":93,\"caption\":\"Sucarn\"},\"image\":{\"@id\":\"https:\\\/\\\/www.sucarn.es\\\/#\\\/schema\\\/logo\\\/image\\\/\"}}]}<\/script>\n<!-- \/ Yoast SEO plugin. -->","yoast_head_json":{"title":"ENTRECOT VEDELLA - Bienvenido","robots":{"index":"index","follow":"follow","max-snippet":"max-snippet:-1","max-image-preview":"max-image-preview:large","max-video-preview":"max-video-preview:-1"},"canonical":"https:\/\/www.sucarn.es\/ca\/product\/entrecote-ternera\/","og_locale":"ca_ES","og_type":"article","og_title":"ENTRECOT VEDELLA - Bienvenido","og_description":"DESCRIPCI\u00d3 T\u00c8CNICA Pe\u00e7a que s'extreu de la part alta del llom de la vaca. S'obt\u00e9 en desossar el llom des de la 5a a la 12a v\u00e8rtebra dorsal, retirant els cossos i ap\u00f2fisi vertebrals, aix\u00ed com les costelles (varetes). RA\u00c7A: Frisona. ORIGEN: Holanda, Pol\u00f2nia, Alemanya, etc. TIPUS D'ENVASAT: Al buit 1\u00d71. CADUCITAT: 30 \u2013 34 dies des de producci\u00f3. TEMPERATURA: Conservar fresc: entre 0\u00baC i 3\u00baC. Congelat: a -18\u00baC. CARACTER\u00cdSTIQUES Pe\u00e7a recoberta per teixit conjuntiu i greix. Es tracta d'una carn tendra i sucosa. D'ella obtenim el tall anomenat \"entrecot\". Si la pe\u00e7a \u00e9s infiltrada de greix es considera de major qualitat, ja que \u00e9s un producte de major tendresa i m\u00e9s sabor\u00f3s Es considera Categoria Extra. UTILITATS Resulta una carn excel\u00b7lent per fer a la graella o a la planxa, encara que tamb\u00e9 podem fer-la servir per a rosbif. En cas de ser una empresa (distribu\u00efdor, restaurant, carnisseria) posi's en contacte amb nosaltres per a ofertes. &nbsp;","og_url":"https:\/\/www.sucarn.es\/product\/entrecote-ternera\/","og_site_name":"Bienvenido","article_modified_time":"2020-06-23T08:51:27+00:00","og_image":[{"width":606,"height":414,"url":"https:\/\/www.sucarn.es\/wp-content\/uploads\/2020\/05\/entrecote-ternera-tienda.jpg","type":"image\/jpeg"}],"twitter_card":"summary_large_image","schema":{"@context":"https:\/\/schema.org","@graph":[{"@type":"WebPage","@id":"https:\/\/www.sucarn.es\/product\/entrecote-ternera\/","url":"https:\/\/www.sucarn.es\/product\/entrecote-ternera\/","name":"ENTRECOT VEDELLA - Bienvenido","isPartOf":{"@id":"https:\/\/www.sucarn.es\/#website"},"primaryImageOfPage":{"@id":"https:\/\/www.sucarn.es\/product\/entrecote-ternera\/#primaryimage"},"image":{"@id":"https:\/\/www.sucarn.es\/product\/entrecote-ternera\/#primaryimage"},"thumbnailUrl":"https:\/\/www.sucarn.es\/wp-content\/uploads\/2020\/05\/entrecote-ternera-tienda.jpg","datePublished":"2020-05-25T07:20:09+00:00","dateModified":"2020-06-23T08:51:27+00:00","breadcrumb":{"@id":"https:\/\/www.sucarn.es\/product\/entrecote-ternera\/#breadcrumb"},"inLanguage":"ca","potentialAction":[{"@type":"ReadAction","target":["https:\/\/www.sucarn.es\/product\/entrecote-ternera\/"]}]},{"@type":"ImageObject","inLanguage":"ca","@id":"https:\/\/www.sucarn.es\/product\/entrecote-ternera\/#primaryimage","url":"https:\/\/www.sucarn.es\/wp-content\/uploads\/2020\/05\/entrecote-ternera-tienda.jpg","contentUrl":"https:\/\/www.sucarn.es\/wp-content\/uploads\/2020\/05\/entrecote-ternera-tienda.jpg","width":606,"height":414,"caption":"Entrecote Ternera"},{"@type":"BreadcrumbList","@id":"https:\/\/www.sucarn.es\/product\/entrecote-ternera\/#breadcrumb","itemListElement":[{"@type":"ListItem","position":1,"name":"Home","item":"https:\/\/www.sucarn.es\/ca\/"},{"@type":"ListItem","position":2,"name":"Shop","item":"https:\/\/www.sucarn.es\/?page_id=2354"},{"@type":"ListItem","position":3,"name":"ENTRECOT VEDELLA"}]},{"@type":"WebSite","@id":"https:\/\/www.sucarn.es\/#website","url":"https:\/\/www.sucarn.es\/","name":"Sucarn","description":"Sucarn","publisher":{"@id":"https:\/\/www.sucarn.es\/#organization"},"potentialAction":[{"@type":"SearchAction","target":{"@type":"EntryPoint","urlTemplate":"https:\/\/www.sucarn.es\/?s={search_term_string}"},"query-input":{"@type":"PropertyValueSpecification","valueRequired":true,"valueName":"search_term_string"}}],"inLanguage":"ca"},{"@type":"Organization","@id":"https:\/\/www.sucarn.es\/#organization","name":"Sucarn","url":"https:\/\/www.sucarn.es\/","logo":{"@type":"ImageObject","inLanguage":"ca","@id":"https:\/\/www.sucarn.es\/#\/schema\/logo\/image\/","url":"https:\/\/www.sucarn.es\/wp-content\/uploads\/2018\/03\/LOGO_SUCARN.png","contentUrl":"https:\/\/www.sucarn.es\/wp-content\/uploads\/2018\/03\/LOGO_SUCARN.png","width":300,"height":93,"caption":"Sucarn"},"image":{"@id":"https:\/\/www.sucarn.es\/#\/schema\/logo\/image\/"}}]}},"_links":{"self":[{"href":"https:\/\/www.sucarn.es\/ca\/wp-json\/wp\/v2\/product\/2582","targetHints":{"allow":["GET"]}}],"collection":[{"href":"https:\/\/www.sucarn.es\/ca\/wp-json\/wp\/v2\/product"}],"about":[{"href":"https:\/\/www.sucarn.es\/ca\/wp-json\/wp\/v2\/types\/product"}],"wp:featuredmedia":[{"embeddable":true,"href":"https:\/\/www.sucarn.es\/ca\/wp-json\/wp\/v2\/media\/2495"}],"wp:attachment":[{"href":"https:\/\/www.sucarn.es\/ca\/wp-json\/wp\/v2\/media?parent=2582"}],"wp:term":[{"taxonomy":"product_brand","embeddable":true,"href":"https:\/\/www.sucarn.es\/ca\/wp-json\/wp\/v2\/product_brand?post=2582"},{"taxonomy":"product_cat","embeddable":true,"href":"https:\/\/www.sucarn.es\/ca\/wp-json\/wp\/v2\/product_cat?post=2582"},{"taxonomy":"product_tag","embeddable":true,"href":"https:\/\/www.sucarn.es\/ca\/wp-json\/wp\/v2\/product_tag?post=2582"}],"curies":[{"name":"wp","href":"https:\/\/api.w.org\/{rel}","templated":true}]}}

<h5><u>DESCRIPCIÓ TÈCNICA</u></h5>
<p>Peça que s&#8217;extreu de la part alta del llom de la vaca. S&#8217;obté en desossar el llom des de la 5a a la 12a vèrtebra dorsal, retirant els cossos i apòfisi vertebrals, així com les costelles (varetes).<br />
<strong>RAÇA</strong>: Frisona.<br />
<strong>ORIGEN</strong>: Holanda, Polònia, Alemanya, etc.<br />
<strong>TIPUS D&#8217;ENVASAT</strong>: Al buit 1×1.<br />
<strong>CADUCITAT</strong>: 30 – 34 dies des de producció.<br />
<strong>TEMPERATURA</strong>: Conservar fresc: entre 0ºC i 3ºC. Congelat: a -18ºC.</p>
<h5><u>CARACTERÍSTIQUES</u></h5>
<p>Peça recoberta per teixit conjuntiu i greix. Es tracta d&#8217;una carn tendra i sucosa. D&#8217;ella obtenim el tall anomenat &#8220;entrecot&#8221;. Si la peça és infiltrada de greix es considera de major qualitat, ja que és un producte de major tendresa i més saborós<br />
Es considera Categoria Extra.</p>
<h5><u>UTILITATS</u></h5>
<p>Resulta una carn excel·lent per fer a la graella o a la planxa, encara que també podem fer-la servir per a rosbif.</p>
<h4>En cas de ser una empresa (distribuïdor, restaurant, carnisseria) posi&#8217;s en contacte amb nosaltres per a ofertes.</h4>
<p>&nbsp;</p>

<!-- This site is optimized with the Yoast SEO plugin v27.3 - https://yoast.com/product/yoast-seo-wordpress/ -->
<title>ENTRECOT VEDELLA - Bienvenido</title>
<meta name="robots" content="index, follow, max-snippet:-1, max-image-preview:large, max-video-preview:-1" />
<link rel="canonical" href="https://www.sucarn.es/ca/product/entrecote-ternera/" />
<meta property="og:locale" content="ca_ES" />
<meta property="og:type" content="article" />
<meta property="og:title" content="ENTRECOT VEDELLA - Bienvenido" />
<meta property="og:description" content="DESCRIPCIÓ TÈCNICA Peça que s&#039;extreu de la part alta del llom de la vaca. S&#039;obté en desossar el llom des de la 5a a la 12a vèrtebra dorsal, retirant els cossos i apòfisi vertebrals, així com les costelles (varetes). RAÇA: Frisona. ORIGEN: Holanda, Polònia, Alemanya, etc. TIPUS D&#039;ENVASAT: Al buit 1×1. CADUCITAT: 30 – 34 dies des de producció. TEMPERATURA: Conservar fresc: entre 0ºC i 3ºC. Congelat: a -18ºC. CARACTERÍSTIQUES Peça recoberta per teixit conjuntiu i greix. Es tracta d&#039;una carn tendra i sucosa. D&#039;ella obtenim el tall anomenat &quot;entrecot&quot;. Si la peça és infiltrada de greix es considera de major qualitat, ja que és un producte de major tendresa i més saborós Es considera Categoria Extra. UTILITATS Resulta una carn excel·lent per fer a la graella o a la planxa, encara que també podem fer-la servir per a rosbif. En cas de ser una empresa (distribuïdor, restaurant, carnisseria) posi&#039;s en contacte amb nosaltres per a ofertes. &nbsp;" />
<meta property="og:url" content="https://www.sucarn.es/product/entrecote-ternera/" />
<meta property="og:site_name" content="Bienvenido" />
<meta property="article:modified_time" content="2020-06-23T08:51:27+00:00" />
<meta property="og:image" content="https://www.sucarn.es/wp-content/uploads/2020/05/entrecote-ternera-tienda.jpg" />
	<meta property="og:image:width" content="606" />
	<meta property="og:image:height" content="414" />
	<meta property="og:image:type" content="image/jpeg" />
<meta name="twitter:card" content="summary_large_image" />
<script type="application/ld+json" class="yoast-schema-graph">{"@context":"https:\/\/schema.org","@graph":[{"@type":"WebPage","@id":"https:\/\/www.sucarn.es\/product\/entrecote-ternera\/","url":"https:\/\/www.sucarn.es\/product\/entrecote-ternera\/","name":"ENTRECOT VEDELLA - Bienvenido","isPartOf":{"@id":"https:\/\/www.sucarn.es\/#website"},"primaryImageOfPage":{"@id":"https:\/\/www.sucarn.es\/product\/entrecote-ternera\/#primaryimage"},"image":{"@id":"https:\/\/www.sucarn.es\/product\/entrecote-ternera\/#primaryimage"},"thumbnailUrl":"https:\/\/www.sucarn.es\/wp-content\/uploads\/2020\/05\/entrecote-ternera-tienda.jpg","datePublished":"2020-05-25T07:20:09+00:00","dateModified":"2020-06-23T08:51:27+00:00","breadcrumb":{"@id":"https:\/\/www.sucarn.es\/product\/entrecote-ternera\/#breadcrumb"},"inLanguage":"ca","potentialAction":[{"@type":"ReadAction","target":["https:\/\/www.sucarn.es\/product\/entrecote-ternera\/"]}]},{"@type":"ImageObject","inLanguage":"ca","@id":"https:\/\/www.sucarn.es\/product\/entrecote-ternera\/#primaryimage","url":"https:\/\/www.sucarn.es\/wp-content\/uploads\/2020\/05\/entrecote-ternera-tienda.jpg","contentUrl":"https:\/\/www.sucarn.es\/wp-content\/uploads\/2020\/05\/entrecote-ternera-tienda.jpg","width":606,"height":414,"caption":"Entrecote Ternera"},{"@type":"BreadcrumbList","@id":"https:\/\/www.sucarn.es\/product\/entrecote-ternera\/#breadcrumb","itemListElement":[{"@type":"ListItem","position":1,"name":"Home","item":"https:\/\/www.sucarn.es\/ca\/"},{"@type":"ListItem","position":2,"name":"Shop","item":"https:\/\/www.sucarn.es\/?page_id=2354"},{"@type":"ListItem","position":3,"name":"ENTRECOT VEDELLA"}]},{"@type":"WebSite","@id":"https:\/\/www.sucarn.es\/#website","url":"https:\/\/www.sucarn.es\/","name":"Sucarn","description":"Sucarn","publisher":{"@id":"https:\/\/www.sucarn.es\/#organization"},"potentialAction":[{"@type":"SearchAction","target":{"@type":"EntryPoint","urlTemplate":"https:\/\/www.sucarn.es\/?s={search_term_string}"},"query-input":{"@type":"PropertyValueSpecification","valueRequired":true,"valueName":"search_term_string"}}],"inLanguage":"ca"},{"@type":"Organization","@id":"https:\/\/www.sucarn.es\/#organization","name":"Sucarn","url":"https:\/\/www.sucarn.es\/","logo":{"@type":"ImageObject","inLanguage":"ca","@id":"https:\/\/www.sucarn.es\/#\/schema\/logo\/image\/","url":"https:\/\/www.sucarn.es\/wp-content\/uploads\/2018\/03\/LOGO_SUCARN.png","contentUrl":"https:\/\/www.sucarn.es\/wp-content\/uploads\/2018\/03\/LOGO_SUCARN.png","width":300,"height":93,"caption":"Sucarn"},"image":{"@id":"https:\/\/www.sucarn.es\/#\/schema\/logo\/image\/"}}]}</script>
<!-- / Yoast SEO plugin. -->

DESCRIPCIÓ TÈCNICA Peça que s'extreu de la part alta del llom de la vaca. S'obté en desossar el llom des de la 5a a la 12a vèrtebra dorsal, retirant els cossos i apòfisi vertebrals, així com les costelles (varetes). RAÇA: Frisona. ORIGEN: Holanda, Polònia, Alemanya, etc. TIPUS D'ENVASAT: Al buit 1×1. CADUCITAT: 30 – 34 dies des de producció. TEMPERATURA: Conservar fresc: entre 0ºC i 3ºC. Congelat: a -18ºC. CARACTERÍSTIQUES Peça recoberta per teixit conjuntiu i greix. Es tracta d'una carn tendra i sucosa. D'ella obtenim el tall anomenat "entrecot". Si la peça és infiltrada de greix es considera de major qualitat, ja que és un producte de major tendresa i més saborós Es considera Categoria Extra. UTILITATS Resulta una carn excel·lent per fer a la graella o a la planxa, encara que també podem fer-la servir per a rosbif. En cas de ser una empresa (distribuïdor, restaurant, carnisseria) posi's en contacte amb nosaltres per a ofertes. &nbsp;
