{"id":2625,"date":"2018-08-13T10:14:21","date_gmt":"2018-08-13T10:14:21","guid":{"rendered":"https:\/\/www.sucarn.es\/product\/cap-de-mort-2\/"},"modified":"2020-05-28T20:38:23","modified_gmt":"2020-05-28T20:38:23","slug":"cap-de-mort","status":"publish","type":"product","link":"https:\/\/www.sucarn.es\/ca\/product\/cap-de-mort\/","title":{"rendered":"CAP DE MORT"},"content":{"rendered":"","protected":false},"excerpt":{"rendered":"<h5><u>DESCRIPCI\u00d3 T\u00c8CNICA<\/u><\/h5>\n<p>Es troba en la part lateral anterior de la cama. S&#8217;ha de separar de\u00a0la culata\u00a0i del peixet.<br \/>\n<strong>RA\u00c7A<\/strong>: Frisona.<br \/>\n<strong>ORIGEN<\/strong>: Holanda, B\u00e8lgica, etc.<br \/>\n<strong>TIPUS D&#8217;ENVASAT<\/strong>: al buit 1\u00d71.<br \/>\n<strong>CADUCITAT<\/strong>: 30\u00a0dies des de producci\u00f3.<br \/>\n<strong>UNITAT MIN. COMANDA<\/strong>: 1 Caixa \u2013 20\u00a0kg, aproximadament.<br \/>\n<strong>TEMPERATURA<\/strong>: Conservar fresc: entre 0 \u00b0C i 3 \u00b0C. Congelat: a -18 \u00b0C.<\/p>\n<h5><u>CARACTER\u00cdSTIQUES<\/u><\/h5>\n<p>\u00c9s una pe\u00e7a amb forma ovoide. La part m\u00e9s pr\u00f2xima a la culata \u00e9s m\u00e9s sucosa i tendra. La m\u00e9s pr\u00f2xima al genoll \u00e9s m\u00e9s fibrosa i seca.<br \/>\nCategoria 1a A.<\/p>\n<h5><u>UTILITATS<\/u><\/h5>\n<p>De la part m\u00e9s tendra es treuen sucosos bistecs. De la resta s&#8217;obtenen filets i medallons per a planxa, graella o arrebossats. Tamb\u00e9 \u00e9s \u00f2ptima per fer rostits i, tallada en daus, per a fondues.<\/p>\n","protected":false},"featured_media":2626,"template":"","meta":[],"product_brand":[],"product_cat":[179],"product_tag":[],"class_list":{"0":"post-2625","1":"product","2":"type-product","3":"status-publish","4":"has-post-thumbnail","6":"product_cat-bovina-vedella-blanca","7":"align-left","8":"box-shadow-0","9":"box-shadow-0-hover","10":"ast-product-gallery-layout-horizontal","11":"ast-product-gallery-with-no-image","12":"ast-product-tabs-layout-horizontal","14":"first","15":"instock","16":"taxable","17":"shipping-taxable","18":"product-type-simple"},"yoast_head":"<!-- This site is optimized with the Yoast SEO plugin v27.3 - https:\/\/yoast.com\/product\/yoast-seo-wordpress\/ -->\n<title>CAP DE MORT - Bienvenido<\/title>\n<meta name=\"robots\" content=\"index, follow, max-snippet:-1, max-image-preview:large, max-video-preview:-1\" \/>\n<link rel=\"canonical\" href=\"https:\/\/www.sucarn.es\/ca\/product\/babilla\/\" \/>\n<meta property=\"og:locale\" content=\"ca_ES\" \/>\n<meta property=\"og:type\" content=\"article\" \/>\n<meta property=\"og:title\" content=\"CAP DE MORT - Bienvenido\" \/>\n<meta property=\"og:description\" content=\"DESCRIPCI\u00d3 T\u00c8CNICA Es troba en la part lateral anterior de la cama. S&#039;ha de separar de\u00a0la culata\u00a0i del peixet. RA\u00c7A: Frisona. ORIGEN: Holanda, B\u00e8lgica, etc. TIPUS D&#039;ENVASAT: al buit 1\u00d71. CADUCITAT: 30\u00a0dies des de producci\u00f3. UNITAT MIN. COMANDA: 1 Caixa \u2013 20\u00a0kg, aproximadament. TEMPERATURA: Conservar fresc: entre 0 \u00b0C i 3 \u00b0C. Congelat: a -18 \u00b0C. CARACTER\u00cdSTIQUES \u00c9s una pe\u00e7a amb forma ovoide. La part m\u00e9s pr\u00f2xima a la culata \u00e9s m\u00e9s sucosa i tendra. La m\u00e9s pr\u00f2xima al genoll \u00e9s m\u00e9s fibrosa i seca. Categoria 1a A. UTILITATS De la part m\u00e9s tendra es treuen sucosos bistecs. De la resta s&#039;obtenen filets i medallons per a planxa, graella o arrebossats. Tamb\u00e9 \u00e9s \u00f2ptima per fer rostits i, tallada en daus, per a fondues.\" \/>\n<meta property=\"og:url\" content=\"https:\/\/www.sucarn.es\/product\/babilla\/\" \/>\n<meta property=\"og:site_name\" content=\"Bienvenido\" \/>\n<meta property=\"article:modified_time\" content=\"2020-05-28T20:38:23+00:00\" \/>\n<meta property=\"og:image\" content=\"https:\/\/www.sucarn.es\/wp-content\/uploads\/2018\/08\/image039.jpg\" \/>\n\t<meta property=\"og:image:width\" content=\"639\" \/>\n\t<meta property=\"og:image:height\" content=\"469\" \/>\n\t<meta property=\"og:image:type\" content=\"image\/jpeg\" \/>\n<meta name=\"twitter:card\" content=\"summary_large_image\" \/>\n<script type=\"application\/ld+json\" class=\"yoast-schema-graph\">{\"@context\":\"https:\\\/\\\/schema.org\",\"@graph\":[{\"@type\":\"WebPage\",\"@id\":\"https:\\\/\\\/www.sucarn.es\\\/product\\\/babilla\\\/\",\"url\":\"https:\\\/\\\/www.sucarn.es\\\/product\\\/babilla\\\/\",\"name\":\"CAP DE MORT - Bienvenido\",\"isPartOf\":{\"@id\":\"https:\\\/\\\/www.sucarn.es\\\/#website\"},\"primaryImageOfPage\":{\"@id\":\"https:\\\/\\\/www.sucarn.es\\\/product\\\/babilla\\\/#primaryimage\"},\"image\":{\"@id\":\"https:\\\/\\\/www.sucarn.es\\\/product\\\/babilla\\\/#primaryimage\"},\"thumbnailUrl\":\"https:\\\/\\\/www.sucarn.es\\\/wp-content\\\/uploads\\\/2018\\\/08\\\/image039.jpg\",\"datePublished\":\"2018-08-13T10:14:21+00:00\",\"dateModified\":\"2020-05-28T20:38:23+00:00\",\"breadcrumb\":{\"@id\":\"https:\\\/\\\/www.sucarn.es\\\/product\\\/babilla\\\/#breadcrumb\"},\"inLanguage\":\"ca\",\"potentialAction\":[{\"@type\":\"ReadAction\",\"target\":[\"https:\\\/\\\/www.sucarn.es\\\/product\\\/babilla\\\/\"]}]},{\"@type\":\"ImageObject\",\"inLanguage\":\"ca\",\"@id\":\"https:\\\/\\\/www.sucarn.es\\\/product\\\/babilla\\\/#primaryimage\",\"url\":\"https:\\\/\\\/www.sucarn.es\\\/wp-content\\\/uploads\\\/2018\\\/08\\\/image039.jpg\",\"contentUrl\":\"https:\\\/\\\/www.sucarn.es\\\/wp-content\\\/uploads\\\/2018\\\/08\\\/image039.jpg\",\"width\":639,\"height\":469},{\"@type\":\"BreadcrumbList\",\"@id\":\"https:\\\/\\\/www.sucarn.es\\\/product\\\/babilla\\\/#breadcrumb\",\"itemListElement\":[{\"@type\":\"ListItem\",\"position\":1,\"name\":\"Home\",\"item\":\"https:\\\/\\\/www.sucarn.es\\\/ca\\\/\"},{\"@type\":\"ListItem\",\"position\":2,\"name\":\"Shop\",\"item\":\"https:\\\/\\\/www.sucarn.es\\\/?page_id=2354\"},{\"@type\":\"ListItem\",\"position\":3,\"name\":\"CAP DE MORT\"}]},{\"@type\":\"WebSite\",\"@id\":\"https:\\\/\\\/www.sucarn.es\\\/#website\",\"url\":\"https:\\\/\\\/www.sucarn.es\\\/\",\"name\":\"Sucarn\",\"description\":\"Sucarn\",\"publisher\":{\"@id\":\"https:\\\/\\\/www.sucarn.es\\\/#organization\"},\"potentialAction\":[{\"@type\":\"SearchAction\",\"target\":{\"@type\":\"EntryPoint\",\"urlTemplate\":\"https:\\\/\\\/www.sucarn.es\\\/?s={search_term_string}\"},\"query-input\":{\"@type\":\"PropertyValueSpecification\",\"valueRequired\":true,\"valueName\":\"search_term_string\"}}],\"inLanguage\":\"ca\"},{\"@type\":\"Organization\",\"@id\":\"https:\\\/\\\/www.sucarn.es\\\/#organization\",\"name\":\"Sucarn\",\"url\":\"https:\\\/\\\/www.sucarn.es\\\/\",\"logo\":{\"@type\":\"ImageObject\",\"inLanguage\":\"ca\",\"@id\":\"https:\\\/\\\/www.sucarn.es\\\/#\\\/schema\\\/logo\\\/image\\\/\",\"url\":\"https:\\\/\\\/www.sucarn.es\\\/wp-content\\\/uploads\\\/2018\\\/03\\\/LOGO_SUCARN.png\",\"contentUrl\":\"https:\\\/\\\/www.sucarn.es\\\/wp-content\\\/uploads\\\/2018\\\/03\\\/LOGO_SUCARN.png\",\"width\":300,\"height\":93,\"caption\":\"Sucarn\"},\"image\":{\"@id\":\"https:\\\/\\\/www.sucarn.es\\\/#\\\/schema\\\/logo\\\/image\\\/\"}}]}<\/script>\n<!-- \/ Yoast SEO plugin. -->","yoast_head_json":{"title":"CAP DE MORT - Bienvenido","robots":{"index":"index","follow":"follow","max-snippet":"max-snippet:-1","max-image-preview":"max-image-preview:large","max-video-preview":"max-video-preview:-1"},"canonical":"https:\/\/www.sucarn.es\/ca\/product\/babilla\/","og_locale":"ca_ES","og_type":"article","og_title":"CAP DE MORT - Bienvenido","og_description":"DESCRIPCI\u00d3 T\u00c8CNICA Es troba en la part lateral anterior de la cama. S'ha de separar de\u00a0la culata\u00a0i del peixet. RA\u00c7A: Frisona. ORIGEN: Holanda, B\u00e8lgica, etc. TIPUS D'ENVASAT: al buit 1\u00d71. CADUCITAT: 30\u00a0dies des de producci\u00f3. UNITAT MIN. COMANDA: 1 Caixa \u2013 20\u00a0kg, aproximadament. TEMPERATURA: Conservar fresc: entre 0 \u00b0C i 3 \u00b0C. Congelat: a -18 \u00b0C. CARACTER\u00cdSTIQUES \u00c9s una pe\u00e7a amb forma ovoide. La part m\u00e9s pr\u00f2xima a la culata \u00e9s m\u00e9s sucosa i tendra. La m\u00e9s pr\u00f2xima al genoll \u00e9s m\u00e9s fibrosa i seca. Categoria 1a A. UTILITATS De la part m\u00e9s tendra es treuen sucosos bistecs. De la resta s'obtenen filets i medallons per a planxa, graella o arrebossats. Tamb\u00e9 \u00e9s \u00f2ptima per fer rostits i, tallada en daus, per a fondues.","og_url":"https:\/\/www.sucarn.es\/product\/babilla\/","og_site_name":"Bienvenido","article_modified_time":"2020-05-28T20:38:23+00:00","og_image":[{"width":639,"height":469,"url":"https:\/\/www.sucarn.es\/wp-content\/uploads\/2018\/08\/image039.jpg","type":"image\/jpeg"}],"twitter_card":"summary_large_image","schema":{"@context":"https:\/\/schema.org","@graph":[{"@type":"WebPage","@id":"https:\/\/www.sucarn.es\/product\/babilla\/","url":"https:\/\/www.sucarn.es\/product\/babilla\/","name":"CAP DE MORT - Bienvenido","isPartOf":{"@id":"https:\/\/www.sucarn.es\/#website"},"primaryImageOfPage":{"@id":"https:\/\/www.sucarn.es\/product\/babilla\/#primaryimage"},"image":{"@id":"https:\/\/www.sucarn.es\/product\/babilla\/#primaryimage"},"thumbnailUrl":"https:\/\/www.sucarn.es\/wp-content\/uploads\/2018\/08\/image039.jpg","datePublished":"2018-08-13T10:14:21+00:00","dateModified":"2020-05-28T20:38:23+00:00","breadcrumb":{"@id":"https:\/\/www.sucarn.es\/product\/babilla\/#breadcrumb"},"inLanguage":"ca","potentialAction":[{"@type":"ReadAction","target":["https:\/\/www.sucarn.es\/product\/babilla\/"]}]},{"@type":"ImageObject","inLanguage":"ca","@id":"https:\/\/www.sucarn.es\/product\/babilla\/#primaryimage","url":"https:\/\/www.sucarn.es\/wp-content\/uploads\/2018\/08\/image039.jpg","contentUrl":"https:\/\/www.sucarn.es\/wp-content\/uploads\/2018\/08\/image039.jpg","width":639,"height":469},{"@type":"BreadcrumbList","@id":"https:\/\/www.sucarn.es\/product\/babilla\/#breadcrumb","itemListElement":[{"@type":"ListItem","position":1,"name":"Home","item":"https:\/\/www.sucarn.es\/ca\/"},{"@type":"ListItem","position":2,"name":"Shop","item":"https:\/\/www.sucarn.es\/?page_id=2354"},{"@type":"ListItem","position":3,"name":"CAP DE MORT"}]},{"@type":"WebSite","@id":"https:\/\/www.sucarn.es\/#website","url":"https:\/\/www.sucarn.es\/","name":"Sucarn","description":"Sucarn","publisher":{"@id":"https:\/\/www.sucarn.es\/#organization"},"potentialAction":[{"@type":"SearchAction","target":{"@type":"EntryPoint","urlTemplate":"https:\/\/www.sucarn.es\/?s={search_term_string}"},"query-input":{"@type":"PropertyValueSpecification","valueRequired":true,"valueName":"search_term_string"}}],"inLanguage":"ca"},{"@type":"Organization","@id":"https:\/\/www.sucarn.es\/#organization","name":"Sucarn","url":"https:\/\/www.sucarn.es\/","logo":{"@type":"ImageObject","inLanguage":"ca","@id":"https:\/\/www.sucarn.es\/#\/schema\/logo\/image\/","url":"https:\/\/www.sucarn.es\/wp-content\/uploads\/2018\/03\/LOGO_SUCARN.png","contentUrl":"https:\/\/www.sucarn.es\/wp-content\/uploads\/2018\/03\/LOGO_SUCARN.png","width":300,"height":93,"caption":"Sucarn"},"image":{"@id":"https:\/\/www.sucarn.es\/#\/schema\/logo\/image\/"}}]}},"_links":{"self":[{"href":"https:\/\/www.sucarn.es\/ca\/wp-json\/wp\/v2\/product\/2625","targetHints":{"allow":["GET"]}}],"collection":[{"href":"https:\/\/www.sucarn.es\/ca\/wp-json\/wp\/v2\/product"}],"about":[{"href":"https:\/\/www.sucarn.es\/ca\/wp-json\/wp\/v2\/types\/product"}],"wp:featuredmedia":[{"embeddable":true,"href":"https:\/\/www.sucarn.es\/ca\/wp-json\/wp\/v2\/media\/2626"}],"wp:attachment":[{"href":"https:\/\/www.sucarn.es\/ca\/wp-json\/wp\/v2\/media?parent=2625"}],"wp:term":[{"taxonomy":"product_brand","embeddable":true,"href":"https:\/\/www.sucarn.es\/ca\/wp-json\/wp\/v2\/product_brand?post=2625"},{"taxonomy":"product_cat","embeddable":true,"href":"https:\/\/www.sucarn.es\/ca\/wp-json\/wp\/v2\/product_cat?post=2625"},{"taxonomy":"product_tag","embeddable":true,"href":"https:\/\/www.sucarn.es\/ca\/wp-json\/wp\/v2\/product_tag?post=2625"}],"curies":[{"name":"wp","href":"https:\/\/api.w.org\/{rel}","templated":true}]}}

<h5><u>DESCRIPCIÓ TÈCNICA</u></h5>
<p>Es troba en la part lateral anterior de la cama. S&#8217;ha de separar de la culata i del peixet.<br />
<strong>RAÇA</strong>: Frisona.<br />
<strong>ORIGEN</strong>: Holanda, Bèlgica, etc.<br />
<strong>TIPUS D&#8217;ENVASAT</strong>: al buit 1×1.<br />
<strong>CADUCITAT</strong>: 30 dies des de producció.<br />
<strong>UNITAT MIN. COMANDA</strong>: 1 Caixa – 20 kg, aproximadament.<br />
<strong>TEMPERATURA</strong>: Conservar fresc: entre 0 °C i 3 °C. Congelat: a -18 °C.</p>
<h5><u>CARACTERÍSTIQUES</u></h5>
<p>És una peça amb forma ovoide. La part més pròxima a la culata és més sucosa i tendra. La més pròxima al genoll és més fibrosa i seca.<br />
Categoria 1a A.</p>
<h5><u>UTILITATS</u></h5>
<p>De la part més tendra es treuen sucosos bistecs. De la resta s&#8217;obtenen filets i medallons per a planxa, graella o arrebossats. També és òptima per fer rostits i, tallada en daus, per a fondues.</p>

<!-- This site is optimized with the Yoast SEO plugin v27.3 - https://yoast.com/product/yoast-seo-wordpress/ -->
<title>CAP DE MORT - Bienvenido</title>
<meta name="robots" content="index, follow, max-snippet:-1, max-image-preview:large, max-video-preview:-1" />
<link rel="canonical" href="https://www.sucarn.es/ca/product/babilla/" />
<meta property="og:locale" content="ca_ES" />
<meta property="og:type" content="article" />
<meta property="og:title" content="CAP DE MORT - Bienvenido" />
<meta property="og:description" content="DESCRIPCIÓ TÈCNICA Es troba en la part lateral anterior de la cama. S&#039;ha de separar de la culata i del peixet. RAÇA: Frisona. ORIGEN: Holanda, Bèlgica, etc. TIPUS D&#039;ENVASAT: al buit 1×1. CADUCITAT: 30 dies des de producció. UNITAT MIN. COMANDA: 1 Caixa – 20 kg, aproximadament. TEMPERATURA: Conservar fresc: entre 0 °C i 3 °C. Congelat: a -18 °C. CARACTERÍSTIQUES És una peça amb forma ovoide. La part més pròxima a la culata és més sucosa i tendra. La més pròxima al genoll és més fibrosa i seca. Categoria 1a A. UTILITATS De la part més tendra es treuen sucosos bistecs. De la resta s&#039;obtenen filets i medallons per a planxa, graella o arrebossats. També és òptima per fer rostits i, tallada en daus, per a fondues." />
<meta property="og:url" content="https://www.sucarn.es/product/babilla/" />
<meta property="og:site_name" content="Bienvenido" />
<meta property="article:modified_time" content="2020-05-28T20:38:23+00:00" />
<meta property="og:image" content="https://www.sucarn.es/wp-content/uploads/2018/08/image039.jpg" />
	<meta property="og:image:width" content="639" />
	<meta property="og:image:height" content="469" />
	<meta property="og:image:type" content="image/jpeg" />
<meta name="twitter:card" content="summary_large_image" />
<script type="application/ld+json" class="yoast-schema-graph">{"@context":"https:\/\/schema.org","@graph":[{"@type":"WebPage","@id":"https:\/\/www.sucarn.es\/product\/babilla\/","url":"https:\/\/www.sucarn.es\/product\/babilla\/","name":"CAP DE MORT - Bienvenido","isPartOf":{"@id":"https:\/\/www.sucarn.es\/#website"},"primaryImageOfPage":{"@id":"https:\/\/www.sucarn.es\/product\/babilla\/#primaryimage"},"image":{"@id":"https:\/\/www.sucarn.es\/product\/babilla\/#primaryimage"},"thumbnailUrl":"https:\/\/www.sucarn.es\/wp-content\/uploads\/2018\/08\/image039.jpg","datePublished":"2018-08-13T10:14:21+00:00","dateModified":"2020-05-28T20:38:23+00:00","breadcrumb":{"@id":"https:\/\/www.sucarn.es\/product\/babilla\/#breadcrumb"},"inLanguage":"ca","potentialAction":[{"@type":"ReadAction","target":["https:\/\/www.sucarn.es\/product\/babilla\/"]}]},{"@type":"ImageObject","inLanguage":"ca","@id":"https:\/\/www.sucarn.es\/product\/babilla\/#primaryimage","url":"https:\/\/www.sucarn.es\/wp-content\/uploads\/2018\/08\/image039.jpg","contentUrl":"https:\/\/www.sucarn.es\/wp-content\/uploads\/2018\/08\/image039.jpg","width":639,"height":469},{"@type":"BreadcrumbList","@id":"https:\/\/www.sucarn.es\/product\/babilla\/#breadcrumb","itemListElement":[{"@type":"ListItem","position":1,"name":"Home","item":"https:\/\/www.sucarn.es\/ca\/"},{"@type":"ListItem","position":2,"name":"Shop","item":"https:\/\/www.sucarn.es\/?page_id=2354"},{"@type":"ListItem","position":3,"name":"CAP DE MORT"}]},{"@type":"WebSite","@id":"https:\/\/www.sucarn.es\/#website","url":"https:\/\/www.sucarn.es\/","name":"Sucarn","description":"Sucarn","publisher":{"@id":"https:\/\/www.sucarn.es\/#organization"},"potentialAction":[{"@type":"SearchAction","target":{"@type":"EntryPoint","urlTemplate":"https:\/\/www.sucarn.es\/?s={search_term_string}"},"query-input":{"@type":"PropertyValueSpecification","valueRequired":true,"valueName":"search_term_string"}}],"inLanguage":"ca"},{"@type":"Organization","@id":"https:\/\/www.sucarn.es\/#organization","name":"Sucarn","url":"https:\/\/www.sucarn.es\/","logo":{"@type":"ImageObject","inLanguage":"ca","@id":"https:\/\/www.sucarn.es\/#\/schema\/logo\/image\/","url":"https:\/\/www.sucarn.es\/wp-content\/uploads\/2018\/03\/LOGO_SUCARN.png","contentUrl":"https:\/\/www.sucarn.es\/wp-content\/uploads\/2018\/03\/LOGO_SUCARN.png","width":300,"height":93,"caption":"Sucarn"},"image":{"@id":"https:\/\/www.sucarn.es\/#\/schema\/logo\/image\/"}}]}</script>
<!-- / Yoast SEO plugin. -->

DESCRIPCIÓ TÈCNICA Es troba en la part lateral anterior de la cama. S'ha de separar de la culata i del peixet. RAÇA: Frisona. ORIGEN: Holanda, Bèlgica, etc. TIPUS D'ENVASAT: al buit 1×1. CADUCITAT: 30 dies des de producció. UNITAT MIN. COMANDA: 1 Caixa – 20 kg, aproximadament. TEMPERATURA: Conservar fresc: entre 0 °C i 3 °C. Congelat: a -18 °C. CARACTERÍSTIQUES És una peça amb forma ovoide. La part més pròxima a la culata és més sucosa i tendra. La més pròxima al genoll és més fibrosa i seca. Categoria 1a A. UTILITATS De la part més tendra es treuen sucosos bistecs. De la resta s'obtenen filets i medallons per a planxa, graella o arrebossats. També és òptima per fer rostits i, tallada en daus, per a fondues.
